{"id":2515,"date":"2020-05-03T05:19:52","date_gmt":"2020-05-03T08:19:52","guid":{"rendered":"https:\/\/deportesalternativos.com\/cursos\/?page_id=2515"},"modified":"2020-05-03T05:19:52","modified_gmt":"2020-05-03T08:19:52","slug":"acceso-a-modulos-cenda-buenos-aires-2020","status":"publish","type":"page","link":"https:\/\/deportesalternativos.com\/cursos\/plataforma-codasports\/acceso-a-modulos-cenda-buenos-aires-2020\/","title":{"rendered":"Acceso a M\u00f3dulos CeNDA Buenos Aires 2020"},"content":{"rendered":"<h2 style=\"text-align: center;\">Certificaci\u00f3n Nacional en Deportes Alternativos <span style=\"color: #ff6600;\">Grupo Buenos Aires<\/span>\u00a0\/ Plataforma CODASPORTS<\/h2>\n<hr \/>\n<p>&nbsp;<\/p>\n<h3 style=\"text-align: center;\"><span style=\"color: #ff6600;\"><strong>Clic aqu\u00ed para acceso a M\u00f3dulo 1 | Certificaci\u00f3n Nacional en Deportes Alternativos<\/strong><\/span><\/h3>\n<p><strong>Pr\u00f3ximamente:<\/strong><\/p>\n<ul>\n<li><strong>Acceso a M\u00f3dulo 2<\/strong> | Certificaci\u00f3n Internacional en Deportes Alternativos | JUNIO 2020<\/li>\n<li><strong>Acceso a M\u00f3dulo 3<\/strong> | Certificaci\u00f3n Internacional en Deportes Alternativos | JULIO 2020<\/li>\n<li><strong>Acceso a M\u00f3dulo 4<\/strong> | Certificaci\u00f3n Internacional en Deportes Alternativos | AGOSTO 2020<\/li>\n<li><strong>Acceso a M\u00f3dulo 5<\/strong> | Certificaci\u00f3n Internacional en Deportes Alternativos | SEPTIEMBRE 2020<\/li>\n<li><strong>Acceso a M\u00f3dulo 6<\/strong> | Certificaci\u00f3n Internacional en Deportes Alternativos | OCTUBRE 2020<\/li>\n<\/ul>\n<hr \/>\n<h4 style=\"text-align: center;\"><span style=\"color: #ff6600;\"><strong>CONOCE TU ESTADO DE CUENTA (CUOTAS) Y LA ACTUALIDAD DE TUS MINIEVALUACIONES Y EVALUACIONES-ENCUESTAS<\/strong><\/span><\/h4>\n<h2 style=\"text-align: center;\"><span style=\"color: #ff0000;\">[&#8211; \u00a1ACTUALIZADO! &#8211;]<\/span><a href=\"https:\/\/deportesalternativos.com\/cursos\/balances\/\"><img decoding=\"async\" loading=\"lazy\" class=\"aligncenter\" src=\"https:\/\/deportesalternativos.com\/cursos\/wp-content\/uploads\/2019\/08\/clic-a-balance-y-evaluac.jpg\" alt=\"\" width=\"600\" height=\"258\" \/><\/a><\/h2>\n","protected":false},"excerpt":{"rendered":"<p>Certificaci\u00f3n Nacional en Deportes Alternativos Grupo Buenos Aires\u00a0\/ Plataforma CODASPORTS &nbsp; Clic aqu\u00ed para acceso a M\u00f3dulo 1 | Certificaci\u00f3n Nacional en [&hellip;]<\/p>\n","protected":false},"author":1,"featured_media":0,"parent":302,"menu_order":0,"comment_status":"closed","ping_status":"closed","template":"","meta":[],"_links":{"self":[{"href":"https:\/\/deportesalternativos.com\/cursos\/wp-json\/wp\/v2\/pages\/2515"}],"collection":[{"href":"https:\/\/deportesalternativos.com\/cursos\/wp-json\/wp\/v2\/pages"}],"about":[{"href":"https:\/\/deportesalternativos.com\/cursos\/wp-json\/wp\/v2\/types\/page"}],"author":[{"embeddable":true,"href":"https:\/\/deportesalternativos.com\/cursos\/wp-json\/wp\/v2\/users\/1"}],"replies":[{"embeddable":true,"href":"https:\/\/deportesalternativos.com\/cursos\/wp-json\/wp\/v2\/comments?post=2515"}],"version-history":[{"count":1,"href":"https:\/\/deportesalternativos.com\/cursos\/wp-json\/wp\/v2\/pages\/2515\/revisions"}],"predecessor-version":[{"id":2516,"href":"https:\/\/deportesalternativos.com\/cursos\/wp-json\/wp\/v2\/pages\/2515\/revisions\/2516"}],"up":[{"embeddable":true,"href":"https:\/\/deportesalternativos.com\/cursos\/wp-json\/wp\/v2\/pages\/302"}],"wp:attachment":[{"href":"https:\/\/deportesalternativos.com\/cursos\/wp-json\/wp\/v2\/media?parent=2515"}],"curies":[{"name":"wp","href":"https:\/\/api.w.org\/{rel}","templated":true}]}}