{"id":2,"date":"2026-01-02T14:57:00","date_gmt":"2026-01-02T17:57:00","guid":{"rendered":"http:\/\/deportesalternativos.com\/kabaddi\/?page_id=2"},"modified":"2026-01-21T19:29:22","modified_gmt":"2026-01-21T22:29:22","slug":"sample-page","status":"publish","type":"page","link":"http:\/\/deportesalternativos.com\/kabaddi\/sample-page\/","title":{"rendered":"Kabaddi Argentina"},"content":{"rendered":"\n\n\n<p><span style=\"color: #000000;\"><strong>Kabaddi Argentina<\/strong>, fundada en 2003 es la \u00fanica entidad rectora del <strong>KABADDI <\/strong>en nuestro pa\u00eds.<\/span><\/p>\n<ul>\n<li><span style=\"color: #000000;\"><strong>Coordinamos las acciones de KABADDI en todo el territorio argentino. <\/strong><\/span><\/li>\n<li><span style=\"color: #000000;\"><strong>Miembros Oficiales de IKF (International Kabaddi Federation), el \u00fanico ente mundial oficial rector del Deporte. Actualmente Argentina tiene la Secretar\u00eda Adjunta de la IKF.<\/strong><\/span><\/li>\n<li>Kabaddi Argentina<span style=\"color: #000000;\"> es miembro fundador de <strong>CADALT (Consejo Argentino de Deportes Alternativos).<\/strong><\/span><\/li>\n<li><span style=\"color: #000000;\">Participamos en los Mundiales de <strong>Kabaddi desde 2011<\/strong>.<\/span><\/li>\n<li><span style=\"color: #000000;\">Coordinamos, divulgamos y desarrollamos <strong>KABADDI <\/strong>en todas sus versiones<\/span><\/li>\n<\/ul>\n<p><\/p>\n<p><span style=\"color: #000000;\">Representamos a <strong>Argentina <\/strong>en las siguientes competencias:<\/span><\/p>\n<ul>\n<li><span style=\"color: #000000;\"><strong>CIRCLE KABADDI<\/strong> (Mundiales Masculinos de India 2011, India 2012, India 2013, India 2014 e India 2016) y Festival Femenino New York 2018<\/span><\/li>\n<li><span style=\"color: #000000;\"><strong>KABADDI TRADICIONAL<\/strong> (Campeonato Mundial India 2016, Copa Masters Dubai 2018 y Copa Bangabandhu Dhaka 2023)<\/span><\/li>\n<li><span style=\"color: #000000;\"><strong>BEACH KABADDI<\/strong> (participamos de los Juegos Argentinos de Playa Las Grutas 2016)<\/span><\/li>\n<\/ul>\n<hr class=\"wp-block-separator has-css-opacity\">\n<h3 class=\"wp-block-heading has-black-color has-text-color\"><span style=\"color: #000000;\"><br><\/span><\/h3>\n<h3 class=\"wp-block-heading has-black-color has-text-color\"><span style=\"color: #000000;\">Kabaddi Argentina (KA)<\/span><\/h3>\n<p><span style=\"color: #000000;\"><strong><br><\/strong><\/span><\/p>\n<p><span style=\"color: #000000;\"><strong>AUTORIDADES<\/strong><\/span> <strong>PRINCIPALES<\/strong><\/p>\n<ul>\n<li><span style=\"color: #000000;\"><strong>Presidente: Ricardo ACU\u00d1A (Chubut) | <em>Presidente de IKF Am\u00e9rica y Secretario Adjunto de IKF (International Kabaddi Federation)<\/em><\/strong><\/span><\/li>\n<li><span style=\"color: #000000;\"><strong>Secretario General: JOS\u00c9 LUIS BONATO (Santa Cruz)<\/strong><\/span><\/li>\n<\/ul>\n<hr class=\"wp-block-separator has-css-opacity\">\n<p><span style=\"color: #000000;\"><strong><br><\/strong><\/span><\/p>\n<p><span style=\"color: #000000;\"><strong>HEAD COACH SELECCIONES NACIONALES: RICARDO ACU\u00d1A<\/strong><\/span><\/p>\n<ul>\n<li><span style=\"color:#000000;\"><strong>Comit\u00e9 de Selecciones Nacionales:<\/strong> <\/span><span style=\"color: #000000;\"><strong>MAT\u00cdAS MART\u00cdNEZ, IGNACIO MOREIRA,&nbsp;<\/strong><\/span><strong style=\"color: rgb(0, 0, 0);\">CLAUDIO BUEZAS, GISELA SANGIAO Y NAHUEL L\u00d3PEZ<\/strong><\/li>\n<\/ul>\n<hr class=\"wp-block-separator has-css-opacity\">\n<p><span style=\"color: #000000;\"><strong><br><\/strong><\/span><\/p>\n<p><span style=\"color: #000000;\"><strong>Selecci\u00f3n Nacional Mayor Circle Kabaddi &#8220;Los Chanchos&#8221;<\/strong><\/span><\/p>\n<ul>\n<li><span style=\"color: #000000;\"><strong>Coach: RICARDO ACU\u00d1A<\/strong><\/span><\/li>\n<li><span style=\"color: #000000;\"><strong>Assistant Coach: SEBASTI\u00c1N DESOCIO<\/strong><\/span><\/li>\n<\/ul>\n<hr class=\"wp-block-separator has-css-opacity\">\n<p><span style=\"color: #000000;\"><strong><br><\/strong><\/span><\/p>\n<p><span style=\"color: #000000;\"><strong>Selecci\u00f3n Nacional Mayor Kabaddi Estilo Nacional &#8220;Los Yarar\u00e1s&#8221;<\/strong><\/span><\/p>\n<ul>\n<li><span style=\"color: #000000;\"><strong>Coach: <\/strong><\/span><strong style=\"color: rgb(0, 0, 0);\">MAT\u00cdAS MART\u00cdNEZ<\/strong><\/li>\n<li><span style=\"color: #000000;\"><strong>PEF y Assistant Coach: IGNACIO MOREIRA<\/strong><\/span><\/li>\n<\/ul>\n<hr class=\"wp-block-separator has-css-opacity\">\n<p><span style=\"color: #000000;\"><strong><br><\/strong><\/span><\/p>\n<p><span style=\"color: #000000;\"><strong>Selecciones Nacionales Femeninas<\/strong><\/span><\/p>\n<ul>\n<li><span style=\"color: #000000;\"><strong>Head Coach: RICARDO ACU\u00d1A<\/strong><\/span><\/li>\n<li><span style=\"color: #000000;\"><strong>Coach: MAT\u00cdAS MART\u00cdNEZ<\/strong><\/span><\/li><li><span style=\"color: #000000;\"><strong>Manager: SABRINA BIANCHI<\/strong><\/span><\/li><li><span style=\"color: #000000;\"><strong>I.T.O.: DAIANA CRUZ<\/strong><\/span><\/li>\n<\/ul>\n<hr class=\"wp-block-separator has-css-opacity\">\n<p><span style=\"color: #000000;\"><strong><br><\/strong><\/span><\/p>\n<p><span style=\"color: #000000;\"><strong>Selecciones Nacionales Sub-19<\/strong><\/span><\/p>\n<ul>\n<li><span style=\"color: #000000;\"><strong>Coach: MAT\u00cdAS MART\u00cdNEZ<\/strong><\/span><\/li>\n<li><span style=\"color: #000000;\"><strong>Assistant Coach: IGNACIO MOREIRA<\/strong><\/span><\/li>\n<\/ul>\n<hr class=\"wp-block-separator has-css-opacity\">\n<p><span style=\"color: #000000;\"><strong><br><\/strong><\/span><\/p>\n<p><span style=\"color: #000000;\"><strong>Selecci\u00f3n Nacional Mayor Beach Kabaddi<\/strong><\/span><\/p>\n<ul>\n<li><span style=\"color: #000000;\"><strong>Coach: MAT\u00cdAS MART\u00cdNEZ<\/strong><\/span><\/li>\n<li><span style=\"color: #000000;\"><strong>Assistant Coach: NAHUEL L\u00d3PEZ<\/strong><\/span><\/li>\n<\/ul>\n<hr class=\"wp-block-separator has-css-opacity\">\n<p><span style=\"color: #000000;\"><strong><br><\/strong><\/span><\/p>\n<p><span style=\"color: #000000;\"><strong>Managers Selecciones Nacionales<\/strong><\/span><\/p>\n<ul>\n<li><span style=\"color: #000000;\"><strong>Juan Mart\u00edn Guti\u00e9rrez, Jorge Montanari, Jos\u00e9 Luis Bonato, Vivian Mabardi, Francisco Godinez Galay, Sabrina Bianchi y Cintia Maguicha<\/strong><\/span><\/li>\n<\/ul>\n<hr class=\"wp-block-separator has-css-opacity\">\n","protected":false},"excerpt":{"rendered":"<p>Kabaddi Argentina, fundada en 2003 es la \u00fanica entidad rectora del KABADDI en nuestro pa\u00eds. Coordinamos las acciones de KABADDI en todo el territorio argentino.<\/p>\n","protected":false},"author":1,"featured_media":0,"parent":0,"menu_order":10,"comment_status":"closed","ping_status":"closed","template":"","meta":[],"_links":{"self":[{"href":"http:\/\/deportesalternativos.com\/kabaddi\/wp-json\/wp\/v2\/pages\/2"}],"collection":[{"href":"http:\/\/deportesalternativos.com\/kabaddi\/wp-json\/wp\/v2\/pages"}],"about":[{"href":"http:\/\/deportesalternativos.com\/kabaddi\/wp-json\/wp\/v2\/types\/page"}],"author":[{"embeddable":true,"href":"http:\/\/deportesalternativos.com\/kabaddi\/wp-json\/wp\/v2\/users\/1"}],"replies":[{"embeddable":true,"href":"http:\/\/deportesalternativos.com\/kabaddi\/wp-json\/wp\/v2\/comments?post=2"}],"version-history":[{"count":22,"href":"http:\/\/deportesalternativos.com\/kabaddi\/wp-json\/wp\/v2\/pages\/2\/revisions"}],"predecessor-version":[{"id":952,"href":"http:\/\/deportesalternativos.com\/kabaddi\/wp-json\/wp\/v2\/pages\/2\/revisions\/952"}],"wp:attachment":[{"href":"http:\/\/deportesalternativos.com\/kabaddi\/wp-json\/wp\/v2\/media?parent=2"}],"curies":[{"name":"wp","href":"https:\/\/api.w.org\/{rel}","templated":true}]}}

<p><span style="color: #000000;"><strong>Kabaddi Argentina</strong>, fundada en 2003 es la única entidad rectora del <strong>KABADDI </strong>en nuestro país.</span></p>
<ul>
<li><span style="color: #000000;"><strong>Coordinamos las acciones de KABADDI en todo el territorio argentino. </strong></span></li>
<li><span style="color: #000000;"><strong>Miembros Oficiales de IKF (International Kabaddi Federation), el único ente mundial oficial rector del Deporte. Actualmente Argentina tiene la Secretaría Adjunta de la IKF.</strong></span></li>
<li>Kabaddi Argentina<span style="color: #000000;"> es miembro fundador de <strong>CADALT (Consejo Argentino de Deportes Alternativos).</strong></span></li>
<li><span style="color: #000000;">Participamos en los Mundiales de <strong>Kabaddi desde 2011</strong>.</span></li>
<li><span style="color: #000000;">Coordinamos, divulgamos y desarrollamos <strong>KABADDI </strong>en todas sus versiones</span></li>
</ul>
<p></p>
<p><span style="color: #000000;">Representamos a <strong>Argentina </strong>en las siguientes competencias:</span></p>
<ul>
<li><span style="color: #000000;"><strong>CIRCLE KABADDI</strong> (Mundiales Masculinos de India 2011, India 2012, India 2013, India 2014 e India 2016) y Festival Femenino New York 2018</span></li>
<li><span style="color: #000000;"><strong>KABADDI TRADICIONAL</strong> (Campeonato Mundial India 2016, Copa Masters Dubai 2018 y Copa Bangabandhu Dhaka 2023)</span></li>
<li><span style="color: #000000;"><strong>BEACH KABADDI</strong> (participamos de los Juegos Argentinos de Playa Las Grutas 2016)</span></li>
</ul>
<hr class="wp-block-separator has-css-opacity">
<h3 class="wp-block-heading has-black-color has-text-color"><span style="color: #000000;"><br></span></h3>
<h3 class="wp-block-heading has-black-color has-text-color"><span style="color: #000000;">Kabaddi Argentina (KA)</span></h3>
<p><span style="color: #000000;"><strong><br></strong></span></p>
<p><span style="color: #000000;"><strong>AUTORIDADES</strong></span> <strong>PRINCIPALES</strong></p>
<ul>
<li><span style="color: #000000;"><strong>Presidente: Ricardo ACUÑA (Chubut) | <em>Presidente de IKF América y Secretario Adjunto de IKF (International Kabaddi Federation)</em></strong></span></li>
<li><span style="color: #000000;"><strong>Secretario General: JOSÉ LUIS BONATO (Santa Cruz)</strong></span></li>
</ul>
<hr class="wp-block-separator has-css-opacity">
<p><span style="color: #000000;"><strong><br></strong></span></p>
<p><span style="color: #000000;"><strong>HEAD COACH SELECCIONES NACIONALES: RICARDO ACUÑA</strong></span></p>
<ul>
<li><span style="color:#000000;"><strong>Comité de Selecciones Nacionales:</strong> </span><span style="color: #000000;"><strong>MATÍAS MARTÍNEZ, IGNACIO MOREIRA,&nbsp;</strong></span><strong style="color: rgb(0, 0, 0);">CLAUDIO BUEZAS, GISELA SANGIAO Y NAHUEL LÓPEZ</strong></li>
</ul>
<hr class="wp-block-separator has-css-opacity">
<p><span style="color: #000000;"><strong><br></strong></span></p>
<p><span style="color: #000000;"><strong>Selección Nacional Mayor Circle Kabaddi &#8220;Los Chanchos&#8221;</strong></span></p>
<ul>
<li><span style="color: #000000;"><strong>Coach: RICARDO ACUÑA</strong></span></li>
<li><span style="color: #000000;"><strong>Assistant Coach: SEBASTIÁN DESOCIO</strong></span></li>
</ul>
<hr class="wp-block-separator has-css-opacity">
<p><span style="color: #000000;"><strong><br></strong></span></p>
<p><span style="color: #000000;"><strong>Selección Nacional Mayor Kabaddi Estilo Nacional &#8220;Los Yararás&#8221;</strong></span></p>
<ul>
<li><span style="color: #000000;"><strong>Coach: </strong></span><strong style="color: rgb(0, 0, 0);">MATÍAS MARTÍNEZ</strong></li>
<li><span style="color: #000000;"><strong>PEF y Assistant Coach: IGNACIO MOREIRA</strong></span></li>
</ul>
<hr class="wp-block-separator has-css-opacity">
<p><span style="color: #000000;"><strong><br></strong></span></p>
<p><span style="color: #000000;"><strong>Selecciones Nacionales Femeninas</strong></span></p>
<ul>
<li><span style="color: #000000;"><strong>Head Coach: RICARDO ACUÑA</strong></span></li>
<li><span style="color: #000000;"><strong>Coach: MATÍAS MARTÍNEZ</strong></span></li><li><span style="color: #000000;"><strong>Manager: SABRINA BIANCHI</strong></span></li><li><span style="color: #000000;"><strong>I.T.O.: DAIANA CRUZ</strong></span></li>
</ul>
<hr class="wp-block-separator has-css-opacity">
<p><span style="color: #000000;"><strong><br></strong></span></p>
<p><span style="color: #000000;"><strong>Selecciones Nacionales Sub-19</strong></span></p>
<ul>
<li><span style="color: #000000;"><strong>Coach: MATÍAS MARTÍNEZ</strong></span></li>
<li><span style="color: #000000;"><strong>Assistant Coach: IGNACIO MOREIRA</strong></span></li>
</ul>
<hr class="wp-block-separator has-css-opacity">
<p><span style="color: #000000;"><strong><br></strong></span></p>
<p><span style="color: #000000;"><strong>Selección Nacional Mayor Beach Kabaddi</strong></span></p>
<ul>
<li><span style="color: #000000;"><strong>Coach: MATÍAS MARTÍNEZ</strong></span></li>
<li><span style="color: #000000;"><strong>Assistant Coach: NAHUEL LÓPEZ</strong></span></li>
</ul>
<hr class="wp-block-separator has-css-opacity">
<p><span style="color: #000000;"><strong><br></strong></span></p>
<p><span style="color: #000000;"><strong>Managers Selecciones Nacionales</strong></span></p>
<ul>
<li><span style="color: #000000;"><strong>Juan Martín Gutiérrez, Jorge Montanari, José Luis Bonato, Vivian Mabardi, Francisco Godinez Galay, Sabrina Bianchi y Cintia Maguicha</strong></span></li>
</ul>
<hr class="wp-block-separator has-css-opacity">

<p>Kabaddi Argentina, fundada en 2003 es la única entidad rectora del KABADDI en nuestro país. Coordinamos las acciones de KABADDI en todo el territorio argentino.</p>
